{"id":4498,"date":"2020-08-08T18:30:20","date_gmt":"2020-08-08T21:30:20","guid":{"rendered":"https:\/\/rabassaseguros.com.br\/?page_id=4498"},"modified":"2024-09-24T11:22:17","modified_gmt":"2024-09-24T14:22:17","slug":"faq-3","status":"publish","type":"page","link":"https:\/\/rabassaseguros.com.br\/?page_id=4498","title":{"rendered":"sinistro"},"content":{"rendered":"\t\t<div data-elementor-type=\"wp-page\" data-elementor-id=\"4498\" class=\"elementor elementor-4498\" data-elementor-settings=\"[]\">\n\t\t\t\t\t\t<div class=\"elementor-inner\">\n\t\t\t\t\t\t\t<div class=\"elementor-section-wrap\">\n\t\t\t\t\t\t\t<section class=\"elementor-element elementor-element-2c1d01a7 elementor-section-boxed elementor-section-height-default elementor-section-height-default elementor-section elementor-top-section\" data-id=\"2c1d01a7\" data-element_type=\"section\">\n\t\t\t\t\t\t<div class=\"elementor-container elementor-column-gap-default\">\n\t\t\t\t\t\t\t<div class=\"elementor-row\">\n\t\t\t\t\t<div class=\"elementor-element elementor-element-6bd5acdf elementor-column elementor-col-100 elementor-top-column\" data-id=\"6bd5acdf\" data-element_type=\"column\">\n\t\t\t<div class=\"elementor-column-wrap elementor-element-populated\">\n\t\t\t\t\t\t\t<div class=\"elementor-widget-wrap\">\n\t\t\t\t\t\t<div class=\"elementor-element elementor-element-749aa2f elementor-hidden-desktop elementor-hidden-tablet elementor-hidden-phone elementor-widget elementor-widget-text-editor\" data-id=\"749aa2f\" data-element_type=\"widget\" data-widget_type=\"text-editor.default\">\n\t\t\t\t<div class=\"elementor-widget-container\">\n\t\t\t\t\t<div class=\"elementor-text-editor elementor-clearfix\"><p>Na Rabassa, possu\u00edmos atendimento 24h em caso de sinistro. Em qualquer tipo de ocorr\u00eancia, ligue diretamente pra n\u00f3s. Vamos te ajudar a resolver o seu problema com rapidez e seguran\u00e7a. Ligue para (53) 3027.8000. (tamb\u00e9m dispon\u00edvel via WhatsApp)<\/p><p>O sinistro \u00e9 a\u00a0<strong>ocorr\u00eancia de acontecimento involunt\u00e1rio e casual, previsto no contrato de seguro<\/strong>\u00a0e para o qual foi contrata a cobertura, e que, legalmente, obriga a seguradora a indenizar.<\/p><p>Abaixo, saiba como proceder no caso desses acontecimentos.<\/p><h2><br \/>AUTOM\u00d3VEL<\/h2><p><strong>Leve sempre com voc\u00ea o cart\u00e3o 24 horas de sua seguradora<\/strong>, ele facilitar\u00e1 sua vida em caso da necessidade de assitencias como: pane, falta de combustivel, pneu furado, entre outros. Diferente de outros servi\u00e7os, \u00e9 f\u00e1cil e r\u00e1pido obter socorro. Depois de se identificar e de passar os dados do ve\u00edculo segurado, basta solicitar os servi\u00e7os.<br \/><br \/>&#8211; Documentos necess\u00e1rios em caso de sinistro do seu autom\u00f3vel<br \/>&#8211; C\u00f3pia da CNH dos envolvidos;<br \/>&#8211; C\u00f3pia do documento do ve\u00edculo;<br \/>&#8211; Boletim de ocorr\u00eancia;<br \/><br \/><strong>Em caso de perda total, providenciar tamb\u00e9m:<\/strong><br \/>&#8211; Boletim de ocorr\u00eancia;<br \/>&#8211; DUT (documento de transfer\u00eancia do ve\u00edculo);\u00a0<br \/>&#8211; IPVA&#8217;s (ano atual e anteriores pagos);\u00a0<br \/>&#8211; Certid\u00e3o negativas de multas (Detran);<br \/>&#8211; Carta se responsabilizando por eventuais multas;<br \/>&#8211; Carta informando saldo devedor do ve\u00edculo, caso seja financiado;;<br \/>&#8211; Quita\u00e7\u00e3o do pr\u00eamio da ap\u00f3lice;;<br \/>&#8211; CPF e RG do condutor;<\/p><h2><br \/>VIDA<\/h2><p>Como esses documentos variam de seguradora para seguradora, entre em contato com a Rabassa Corretora de Seguros, e solicite o formul\u00e1rio com os documentos necess\u00e1rios.<\/p><h2><br \/>RESIDENCIAL<\/h2><p>Documentos necess\u00e1rios em caso de sinistro na sua residencia:<\/p><p>&#8211; Ocorr\u00eancia;<br \/>&#8211; Carta de comunica\u00e7\u00e3o de sinistro;<br \/>&#8211; Declara\u00e7\u00e3o que n\u00e3o possui outro seguro;<br \/>&#8211; 02 or\u00e7amentos de recupera\u00e7\u00e3o do que foi perdido;<br \/>&#8211; Notas fiscais ou manuais de aquisi\u00e7\u00e3o dos bens;<br \/>&#8211; Comprovante de resid\u00eancia;<br \/>&#8211; Dados Banc\u00e1rios.<\/p><h2><br \/>EMPRESARIAL<\/h2><p>Documentos necess\u00e1rios em caso de sinistro empresarial:<\/p><p>&#8211; Boletim de ocorr\u00eancia;<br \/>&#8211; Carta de comunica\u00e7\u00e3o do sinistro escrita pelo segurado;<br \/>&#8211; Declara\u00e7\u00e3o que n\u00e3o possui outro seguro;<br \/>&#8211; 02 or\u00e7amentos dos bens subtra\u00eddos ou danificados;<br \/>&#8211; Laudo t\u00e9cnico;<br \/>&#8211; Notas fiscais de aquisi\u00e7\u00e3o dos bens ou manuais;<br \/>&#8211; Comprovante de resid\u00eancia (conta de telefone ou \u00e1gua atual);<br \/>&#8211; Contrato social e c\u00f3pia do cart\u00e3o CNPJ;<br \/>&#8211; Dados Banc\u00e1rios.<\/p><h2><br \/>CONDOM\u00cdNIOS<\/h2><p>Documenta\u00e7\u00e3o necess\u00e1ria em caso de sinistro no condom\u00ednio:<\/p><p>&#8211; Boletim de ocorr\u00eancia;<br \/>&#8211; Carta de comunica\u00e7\u00e3o do sinistro escrita pelo segurado;<br \/>&#8211; Declara\u00e7\u00e3o que n\u00e3o possui outro seguro;<br \/>&#8211; 02 or\u00e7amentos dos bens subtra\u00eddos ou danificados;<br \/>&#8211; Laudo t\u00e9cnico;<br \/>&#8211; Notas fiscais de aquisi\u00e7\u00e3o dos bens ou manuais dos mesmo;<br \/>&#8211; Comprovante de resid\u00eancia (conta de telefone ou \u00e1gua atual);<br \/>&#8211; Contrato social e c\u00f3pia do cart\u00e3o CNPJ;<br \/>&#8211; Dados Banc\u00e1rios.<\/p><h2><br \/>CARTA VERDE<\/h2><p>No verso da carta verde existe um telefone para contato no pa\u00eds que voc\u00ea est\u00e1. Entre em contato com este n\u00famero, e todas as providencias ser\u00e3o tomadas.<\/p><h2><br \/>TRANSPORTE<\/h2><p>Em caso de ocorr\u00eancia de sinistro em transporte, a primeira provid\u00eancia a tomar \u00e9 ligar para o 0800 da Rabassa. A partir desse contato, toda documenta\u00e7\u00e3o necess\u00e1ria ser\u00e1 solicitada para a resolu\u00e7\u00e3o do ocorrido.<\/p><\/div>\n\t\t\t\t<\/div>\n\t\t\t\t<\/div>\n\t\t\t\t<div class=\"elementor-element elementor-element-a17801f elementor-widget elementor-widget-text-editor\" data-id=\"a17801f\" data-element_type=\"widget\" data-widget_type=\"text-editor.default\">\n\t\t\t\t<div class=\"elementor-widget-container\">\n\t\t\t\t\t<div class=\"elementor-text-editor elementor-clearfix\"><p>Na Rabassa, possu\u00edmos atendimento 24h em caso de sinistro. Em qualquer tipo de ocorr\u00eancia, ligue diretamente pra n\u00f3s. Vamos te ajudar a resolver o seu problema com rapidez e seguran\u00e7a. Ligue para (53) 3027.8000. (tamb\u00e9m dispon\u00edvel via WhatsApp)<\/p>\n<p>O sinistro \u00e9 a&nbsp;<strong>ocorr\u00eancia de acontecimento involunt\u00e1rio e casual, previsto no contrato de seguro<\/strong>&nbsp;e para o qual foi contrata a cobertura, e que, legalmente, obriga a seguradora a indenizar.<\/p>\n<p>Abaixo, saiba como proceder no caso desses acontecimentos.<\/p>\n<h2>AUTOM\u00d3VEL<\/h2>\n<p><strong>Leve sempre com voc\u00ea o cart\u00e3o 24 horas de sua seguradora<\/strong>, ele facilitar\u00e1 sua vida em caso da necessidade de assitencias como: pane, falta de combustivel, pneu furado, entre outros. Diferente de outros servi\u00e7os, \u00e9 f\u00e1cil e r\u00e1pido obter socorro. Depois de se identificar e de passar os dados do ve\u00edculo segurado, basta solicitar os servi\u00e7os.<\/p>\n<p>&#8211; Documentos necess\u00e1rios em caso de sinistro do seu autom\u00f3vel<br>&#8211; C\u00f3pia da CNH dos envolvidos;<br>&#8211; C\u00f3pia do documento do ve\u00edculo;<br>&#8211; Boletim de ocorr\u00eancia;<\/p>\n<p><strong>Em caso de perda total, providenciar tamb\u00e9m:<\/strong><br>&#8211; Boletim de ocorr\u00eancia;<br>&#8211; DUT (documento de transfer\u00eancia do ve\u00edculo);&nbsp;<br>&#8211; IPVA&#8217;s (ano atual e anteriores pagos);&nbsp;<br>&#8211; Certid\u00e3o negativas de multas (Detran);<br>&#8211; Carta se responsabilizando por eventuais multas;<br>&#8211; Carta informando saldo devedor do ve\u00edculo, caso seja financiado;;<br>&#8211; Quita\u00e7\u00e3o do pr\u00eamio da ap\u00f3lice;;<br>&#8211; CPF e RG do condutor;<\/p>\n<h2>VIDA<\/h2>\n<p>Como esses documentos variam de seguradora para seguradora, entre em contato com a Rabassa Corretora de Seguros, e solicite o formul\u00e1rio com os documentos necess\u00e1rios.<\/p>\n<h2>RESIDENCIAL<\/h2>\n<p>Documentos necess\u00e1rios em caso de sinistro na sua residencia:<\/p>\n<p>&#8211; Ocorr\u00eancia;<br>&#8211; Carta de comunica\u00e7\u00e3o de sinistro;<br>&#8211; Declara\u00e7\u00e3o que n\u00e3o possui outro seguro;<br>&#8211; 02 or\u00e7amentos de recupera\u00e7\u00e3o do que foi perdido;<br>&#8211; Notas fiscais ou manuais de aquisi\u00e7\u00e3o dos bens;<br>&#8211; Comprovante de resid\u00eancia;<br>&#8211; Dados Banc\u00e1rios.<\/p>\n<h2>EMPRESARIAL<\/h2>\n<p>Documentos necess\u00e1rios em caso de sinistro empresarial:<\/p>\n<p>&#8211; Boletim de ocorr\u00eancia;<br>&#8211; Carta de comunica\u00e7\u00e3o do sinistro escrita pelo segurado;<br>&#8211; Declara\u00e7\u00e3o que n\u00e3o possui outro seguro;<br>&#8211; 02 or\u00e7amentos dos bens subtra\u00eddos ou danificados;<br>&#8211; Laudo t\u00e9cnico;<br>&#8211; Notas fiscais de aquisi\u00e7\u00e3o dos bens ou manuais;<br>&#8211; Comprovante de resid\u00eancia (conta de telefone ou \u00e1gua atual);<br>&#8211; Contrato social e c\u00f3pia do cart\u00e3o CNPJ;<br>&#8211; Dados Banc\u00e1rios.<\/p>\n<h2>CONDOM\u00cdNIOS<\/h2>\n<p>Documenta\u00e7\u00e3o necess\u00e1ria em caso de sinistro no condom\u00ednio:<\/p>\n<p>&#8211; Boletim de ocorr\u00eancia;<br>&#8211; Carta de comunica\u00e7\u00e3o do sinistro escrita pelo segurado;<br>&#8211; Declara\u00e7\u00e3o que n\u00e3o possui outro seguro;<br>&#8211; 02 or\u00e7amentos dos bens subtra\u00eddos ou danificados;<br>&#8211; Laudo t\u00e9cnico;<br>&#8211; Notas fiscais de aquisi\u00e7\u00e3o dos bens ou manuais dos mesmo;<br>&#8211; Comprovante de resid\u00eancia (conta de telefone ou \u00e1gua atual);<br>&#8211; Contrato social e c\u00f3pia do cart\u00e3o CNPJ;<br>&#8211; Dados Banc\u00e1rios.<\/p>\n<h2>TRANSPORTE<\/h2>\n<p>Em caso de ocorr\u00eancia de sinistro em transporte, a primeira provid\u00eancia a tomar \u00e9 ligar para o 0800 da Rabassa. A partir desse contato, toda documenta\u00e7\u00e3o necess\u00e1ria ser\u00e1 solicitada para a resolu\u00e7\u00e3o do ocorrido.<\/p><\/div>\n\t\t\t\t<\/div>\n\t\t\t\t<\/div>\n\t\t\t\t\t\t<\/div>\n\t\t\t\t\t<\/div>\n\t\t<\/div>\n\t\t\t\t\t\t\t\t<\/div>\n\t\t\t\t\t<\/div>\n\t\t<\/section>\n\t\t\t\t<section class=\"elementor-element elementor-element-ba29ad9 elementor-section-boxed elementor-section-height-default elementor-section-height-default elementor-section elementor-top-section\" data-id=\"ba29ad9\" data-element_type=\"section\">\n\t\t\t\t\t\t<div class=\"elementor-container elementor-column-gap-default\">\n\t\t\t\t\t\t\t<div class=\"elementor-row\">\n\t\t\t\t\t<div class=\"elementor-element elementor-element-299f2cb elementor-column elementor-col-100 elementor-top-column\" data-id=\"299f2cb\" data-element_type=\"column\">\n\t\t\t<div class=\"elementor-column-wrap elementor-element-populated\">\n\t\t\t\t\t\t\t<div class=\"elementor-widget-wrap\">\n\t\t\t\t\t\t<section class=\"elementor-element elementor-element-26b5af6 elementor-section-boxed elementor-section-height-default elementor-section-height-default elementor-section elementor-inner-section\" data-id=\"26b5af6\" data-element_type=\"section\">\n\t\t\t\t\t\t<div class=\"elementor-container elementor-column-gap-default\">\n\t\t\t\t\t\t\t<div class=\"elementor-row\">\n\t\t\t\t\t<div class=\"elementor-element elementor-element-814228a elementor-column elementor-col-100 elementor-inner-column\" data-id=\"814228a\" data-element_type=\"column\" data-settings=\"{&quot;background_background&quot;:&quot;classic&quot;}\">\n\t\t\t<div class=\"elementor-column-wrap elementor-element-populated\">\n\t\t\t\t\t\t\t<div class=\"elementor-widget-wrap\">\n\t\t\t\t\t\t<div class=\"elementor-element elementor-element-21218cb4 overlay-box animated none elementor-widget elementor-widget-elementskit-icon-box\" data-id=\"21218cb4\" data-element_type=\"widget\" data-widget_type=\"elementskit-icon-box.default\">\n\t\t\t\t<div class=\"elementor-widget-container\">\n\t\t\t<div class=\"ekit-wid-con\" >        <!-- link opening -->\n                <!-- end link opening -->\n\n        <div class=\"elementskit-infobox text-left icon-top-align elementor-animation-    \">\n                        <div class=\"box-body\">\n                            <h3 class=\"elementskit-info-box-title\">\n                    PRECISA DE AJUDA?                <\/h3>\n                                    <p>Para solicitar atendimento em Voc\u00ea que \u00e9 nosso cliente est\u00e1 tranquilo.\n\n\u00c9 s\u00f3 falar com a gente.\nClique abaixo e fale com a gente via WhatsApp, ou ent\u00e3o nos envie um email. <\/p>\n                                        <div class=\"box-footer disable_hover_button\">\n                    <div class=\"btn-wraper\">\n                                                            <a href=\"https:\/\/api.whatsapp.com\/send?1=pt_BR&#038;phone=5553991223346\" target=\"_blank\" rel=\"nofollow\" class=\"elementskit-btn elementor-animation-\">\n                                        <i aria-hidden=\"true\" class=\"fab fa-whatsapp\"><\/i>                                        (53) 99122-3346                                    <\/a>\n                                                        <\/div>\n                <\/div>\n                    <\/div>\n        \n        \n                <\/div>\n        <\/div>\t\t<\/div>\n\t\t\t\t<\/div>\n\t\t\t\t\t\t<\/div>\n\t\t\t\t\t<\/div>\n\t\t<\/div>\n\t\t\t\t\t\t\t\t<\/div>\n\t\t\t\t\t<\/div>\n\t\t<\/section>\n\t\t\t\t\t\t<\/div>\n\t\t\t\t\t<\/div>\n\t\t<\/div>\n\t\t\t\t\t\t\t\t<\/div>\n\t\t\t\t\t<\/div>\n\t\t<\/section>\n\t\t\t\t\t\t<\/div>\n\t\t\t\t\t\t<\/div>\n\t\t\t\t\t<\/div>\n\t\t","protected":false},"excerpt":{"rendered":"<p>Na Rabassa, possu\u00edmos atendimento 24h em caso de sinistro. Em qualquer tipo de ocorr\u00eancia, ligue diretamente pra n\u00f3s. Vamos te ajudar a resolver o seu problema com rapidez e seguran\u00e7a. Ligue para (53) 3027.8000. (tamb\u00e9m dispon\u00edvel via WhatsApp) O sinistro \u00e9 a\u00a0ocorr\u00eancia de acontecimento involunt\u00e1rio e casual, previsto no contrato de seguro\u00a0e para o qual [&hellip;]<\/p>\n","protected":false},"author":1,"featured_media":0,"parent":0,"menu_order":0,"comment_status":"closed","ping_status":"closed","template":"template\/full-width-template.php","meta":{"_joinchat":[],"footnotes":""},"class_list":["post-4498","page","type-page","status-publish","hentry"],"_links":{"self":[{"href":"https:\/\/rabassaseguros.com.br\/index.php?rest_route=\/wp\/v2\/pages\/4498"}],"collection":[{"href":"https:\/\/rabassaseguros.com.br\/index.php?rest_route=\/wp\/v2\/pages"}],"about":[{"href":"https:\/\/rabassaseguros.com.br\/index.php?rest_route=\/wp\/v2\/types\/page"}],"author":[{"embeddable":true,"href":"https:\/\/rabassaseguros.com.br\/index.php?rest_route=\/wp\/v2\/users\/1"}],"replies":[{"embeddable":true,"href":"https:\/\/rabassaseguros.com.br\/index.php?rest_route=%2Fwp%2Fv2%2Fcomments&post=4498"}],"version-history":[{"count":0,"href":"https:\/\/rabassaseguros.com.br\/index.php?rest_route=\/wp\/v2\/pages\/4498\/revisions"}],"wp:attachment":[{"href":"https:\/\/rabassaseguros.com.br\/index.php?rest_route=%2Fwp%2Fv2%2Fmedia&parent=4498"}],"curies":[{"name":"wp","href":"https:\/\/api.w.org\/{rel}","templated":true}]}}